rime factors of 1535?
5, 307
List the prime factors of 8624.
2, 7, 11
What are the prime factors of 8190?
2, 3, 5, 7, 13
What are the prime factors of 768?
2, 3
What are the prime factors of 2740?
2, 5, 137
List the prime factors of 38008.
2, 4751
What are the prime factors of 7494?
2, 3, 1249
List the prime factors of 11524.
2, 43, 67
What are the prime factors of 127715?
5, 7, 41, 89
List the prime factors of 50711.
17, 19, 157
What are the prime factors of 25868?
2, 29, 223
What are the prime factors of 8410?
2, 5, 29
List the prime factors of 1528.
2, 191
What are the prime factors of 4511?
13, 347
What are the prime factors of 2508?
2, 3, 11, 19
What are the prime factors of 2078?
2, 1039
List the prime factors of 17809.
11, 1619
List the prime factors of 2597.
7, 53
What are the prime factors of 10587?
3, 3529
What are the prime factors of 1203?
3, 401
List the prime factors of 30809.
30809
List the prime factors of 3413.
3413
List the prime factors of 1129.
1129
List the prime factors of 2688.
2, 3, 7
List the prime factors of 82954.
2, 19, 37, 59
List the prime factors of 33407.
11, 3037
What are the prime factors of 12482?
2, 79
List the prime factors of 5139.
3, 571
List the prime factors of 444.
2, 3, 37
List the prime factors of 420.
2, 3, 5, 7
What are the prime factors of 27892?
2, 19, 367
What are the prime factors of 24484?
2, 6121
What are the prime factors of 4060?
2, 5, 7, 29
What are the prime factors of 125177?
13, 9629
List the prime factors of 12630.
2, 3, 5, 421
List the prime factors of 9589.
43, 223
List the prime factors of 4852.
2, 1213
What are the prime factors of 26039?
13, 2003
List the prime factors of 124892.
2, 31223
What are the prime factors of 31499?
13, 2423
List the prime factors of 8366.
2, 47, 89
List the prime factors of 2101.
11, 191
What are the prime factors of 1622?
2, 811
List the prime factors of 53691.
3, 11, 1627
List the prime factors of 1702.
2, 23, 37
What are the prime factors of 98089?
47, 2087
What are the prime factors of 10206?
2, 3, 7
List the prime factors of 35508.
2, 3, 11, 269
What are the prime factors of 1003?
17, 59
List the prime factors of 79423.
79423
What are the prime factors of 2870?
2, 5, 7, 41
What are the prime factors of 996?
2, 3, 83
What are the prime factors of 20858?
2, 10429
What are the prime factors of 77517?
3, 11, 29
List the prime factors of 15651.
3, 37, 47
What are the prime factors of 13699?
7, 19, 103
What are the prime factors of 2072?
2, 7, 37
List the prime factors of 29309.
7, 53, 79
What are the prime factors of 56918?
2, 149, 191
List the prime factors of 78976.
2, 617
List the prime factors of 5996.
2, 1499
List the prime factors of 5.
5
What are the prime factors of 85580?
2, 5, 11, 389
What are the prime factors of 352?
2, 11
List the prime factors of 3708.
2, 3, 103
What are the prime factors of 917?
7, 131
What are the prime factors of 86?
2, 43
List the prime factors of 83855.
5, 31, 541
List the prime factors of 696.
2, 3, 29
What are the prime factors of 5655?
3, 5, 13, 29
What are the prime factors of 13559?
7, 13, 149
What are the prime factors of 5444?
2, 1361
List the prime factors of 33074.
2, 23, 719
List the prime factors of 18023.
67, 269
What are the prime factors of 12423?
3, 41, 101
What are the prime factors of 20974?
2, 10487
What are the prime factors of 291?
3, 97
List the prime factors of 1009.
1009
What are the prime factors of 11880?
2, 3, 5, 11
What are the prime factors of 239?
239
What are the prime factors of 2877?
3, 7, 137
What are the prime factors of 7541?
7541
List the prime factors of 1426.
2, 23, 31
List the prime factors of 9472.
2, 37
What are the prime factors of 21043?
11, 1913
List the prime factors of 5564.
2, 13, 107
What are the prime factors of 36507?
3, 43, 283
List the prime factors of 4950.
2, 3, 5, 11
What are the prime factors of 168?
2, 3, 7
What are the prime factors of 5362?
2, 7, 383
List the prime factors of 870.
2, 3, 5, 29
What are the prime factors of 69704?
2, 8713
What are the prime factors of 773?
773
What are the prime factors of 560?
2, 5, 7
List the prime factors of 1407.
3, 7, 67
What are the prime factors of 4111?
4111
List the prime factors of 1000.
2, 5
List the prime factors of 1348.
2, 337
List the prime factors of 514.
2, 257
What are the prime factors of 603?
3, 67
What are the prime factors of 3261?
3, 1087
What are the prime factors of 597?
3, 199
List the prime factors of 2289.
3, 7, 109
What are the prime factors of 1105?
5, 13, 17
What are the prime factors of 18055?
5, 23, 157
List the prime factors of 28577.
17, 41
List the prime factors of 33136.
2, 19, 109
What are the prime factors of 388?
2, 97
List the prime factors of 8485.
5, 1697
What are the prime factors of 12731?
29, 439
List the prime factors of 15602.
2, 29, 269
List the prime factors of 31267.
31267
What are the prime factors of 44619?
3, 107, 139
What are the prime factors of 249?
3, 83
What are the prime factors of 26842?
2, 13421
What are the prime factors of 7349?
7349
What are the prime factors of 164070?
2, 3, 5, 1823
What are the prime factors of 6253?
13, 37
List the prime factors of 1275.
3, 5, 17
What are the prime factors of 19322?
2, 9661
List the prime factors of 2951.
13, 227
What are the prime factors of 11708?
2, 2927
List the prime factors of 32548.
2, 79, 103
What are the prime factors of 1395?
3, 5, 31
What are the prime factors of 446?
2, 223
What are the prime factors of 2423?
2423
What are the prime factors of 69782?
2, 23, 37, 41
List the prime factors of 5030.
2, 5, 503
List the prime factors of 11968.
2, 11, 17
What are the prime factors of 3815?
5, 7, 109
List the prime factors of 55673.
55673
List the prime factors of 80.
2, 5
List the prime factors of 321.
3, 107
List the prime factors of 8234.
2, 23, 179
What are the prime factors of 10694?
2, 5347
What are the prime factors of 8613?
3, 11, 29
What are the prime factors of 7832?
2, 11, 89
List the prime factors of 2852.
2, 23, 31
What are the prime factors of 76389?
3, 25463
What are the prime factors of 53383?
11, 23, 211
List the prime factors of 43004.
2, 13, 827
List the prime factors of 6070.
2, 5, 607
List the prime factors of 39.
3, 13
List the prime factors of 5029.
47, 107
List the prime factors of 6074.
2, 3037
List the prime factors of 1248.
2, 3, 13
List the prime factors of 70196.
2, 7, 23, 109
What are the prime factors of 19706?
2, 59, 167
What are the prime factors of 135482?
2, 67741
List the prime factors of 4013.
4013
List the prime factors of 52556.
2, 7, 1877
What are the prime factors of 658?
2, 7, 47
List the prime factors of 110093.
89, 1237
What are the prime factors of 16082?
2, 11, 17, 43
What are the prime factors of 3199?
7, 457
What are the prime factors of 1581?
3, 17, 31
List the prime factors of 2729.
2729
What are the prime factors of 2563?
11, 233
List the prime factors of 15343.
67, 229
What are the prime factors of 65250?
2, 3, 5, 29
What are the prime factors of 7162?
2, 3581
List the prime factors of 1436.
2, 359
List the prime factors of 1502.
2, 751
What are the prime factors of 14613?
3, 4871
What are the prime factors of 28809?
3, 11, 97
What are the prime factors of 117536?
2, 3673
List the prime factors of 16815.
3, 5, 19, 59
What are the prime factors of 5900?
2, 5, 59
List the prime factors of 2266.
2, 11, 103
What are the prime factors of 6721?
11, 13, 47
List the prime factors of 88944.
2, 3, 17, 109
What are the prime factors of 4830?
2, 3, 5, 7, 23
What are the prime factors of 1372?
2, 7
List the prime factors of 5745.
3, 5, 383
What are the prime factors of 1446?
2, 3, 241
List the prime factors of 21625.
5, 173
What are the prime factors of 5664?
2, 3, 59
What are the prime factors of 1710?
2, 3, 5, 19
What are the prime factors of 4330?
2, 5, 433
What are the prime factors of 41379?
3, 13, 1061
List the prime factors of 4615.
5, 13, 71
What are the prime factors of 2626?
2, 13, 101
List the prime factors of 1758.
2, 3, 293
List the prime factors of 11785.
5, 2357
What are the prime factors of 46119?
3, 15373
What are the prime factors of 19353?
3, 6451
List the prime factors of 7488.
2, 3, 13
List the prime factors of 4702.
2, 2351
List the prime factors of 193.
193
Li